{"id":8,"date":"2017-05-06T02:47:07","date_gmt":"2017-05-06T05:47:07","guid":{"rendered":"http:\/\/iem.markframe.com\/?page_id=8"},"modified":"2020-09-17T10:43:21","modified_gmt":"2020-09-17T13:43:21","slug":"home","status":"publish","type":"page","link":"https:\/\/iem.adv.br\/home\/home\/","title":{"rendered":"home"},"content":{"rendered":"<p>[et_pb_section fb_built=&#8221;1&#8243; fullwidth=&#8221;on&#8221; _builder_version=&#8221;3.6&#8243;][et_pb_fullwidth_slider _builder_version=&#8221;3.6&#8243; custom_button=&#8221;on&#8221; button_text_color=&#8221;#000000&#8243; button_bg_color=&#8221;#ecbd1d&#8221; button_border_width=&#8221;0px&#8221; button_border_radius=&#8221;0px&#8221; button_font=&#8221;||||||||&#8221; button_use_icon=&#8221;off&#8221; button_bg_color_hover=&#8221;#edca5a&#8221; auto=&#8221;on&#8221; auto_speed=&#8221;6000&#8243; auto_ignore_hover=&#8221;on&#8221;][et_pb_slide heading=&#8221;Quebramos as barreiras entre voc\u00ea e seus direitos&#8221; button_text=&#8221;Saiba mais aqui&#8221; button_link=&#8221;https:\/\/iem.adv.br\/o-escritorio\/&#8221; use_bg_overlay=&#8221;on&#8221; bg_overlay_color=&#8221;rgba(18,36,51,0.77)&#8221; _builder_version=&#8221;3.6&#8243; background_image=&#8221;http:\/\/iem.adv.br\/wp-content\/uploads\/2018\/06\/ss-break-through-wall.jpg&#8221; parallax=&#8221;on&#8221; parallax_method=&#8221;off&#8221;]<\/p>\n<p>Nosso escrit\u00f3rio trabalha com profissionais experientes e focados em resolver problemas.<\/p>\n<p>[\/et_pb_slide][et_pb_slide heading=&#8221;Processos Trabalhistas ou Burocracia?&#8221; button_text=&#8221;Saiba mais aqui&#8221; button_link=&#8221;https:\/\/iem.adv.br\/negocios\/&#8221; use_bg_overlay=&#8221;on&#8221; bg_overlay_color=&#8221;rgba(18,36,51,0.7)&#8221; _builder_version=&#8221;3.6&#8243; background_image=&#8221;http:\/\/iem.adv.br\/wp-content\/uploads\/2018\/06\/problemas-juridicos.jpg&#8221; parallax=&#8221;on&#8221; parallax_method=&#8221;off&#8221;]<\/p>\n<p>Deixe nosso escrit\u00f3rio te salvar de problemas que podem fechar sua empresa.<\/p>\n<p>[\/et_pb_slide][\/et_pb_fullwidth_slider][\/et_pb_section][et_pb_section fb_built=&#8221;1&#8243; _builder_version=&#8221;3.6&#8243; background_color=&#8221;#122433&#8243; custom_padding=&#8221;50px|0px|54px|0px|false|false&#8221;][et_pb_row use_custom_gutter=&#8221;on&#8221; gutter_width=&#8221;2&#8243; custom_padding=&#8221;0|0px|0|0px|false|false&#8221; make_equal=&#8221;on&#8221; background_color_1=&#8221;#ecbd1d&#8221; background_color_2=&#8221;#ecbd1d&#8221; background_color_3=&#8221;#ecbd1d&#8221; background_color_4=&#8221;#ecbd1d&#8221; _builder_version=&#8221;3.6&#8243;][et_pb_column type=&#8221;1_4&#8243; _builder_version=&#8221;3.6&#8243; background_color=&#8221;#ecbd1d&#8221; parallax=&#8221;off&#8221; parallax_method=&#8221;on&#8221;][et_pb_blurb title=&#8221;O que voc\u00ea precisa saber para ser um empreendedor&#8221; url=&#8221;https:\/\/iem.adv.br\/direito-empresarial-o-que-voce-precisa-saber-para-ser-um-empreendedor\/&#8221; image=&#8221;http:\/\/iem.adv.br\/wp-content\/uploads\/2018\/05\/Ebook-Empres\u00e1rio..png&#8221; _builder_version=&#8221;3.9&#8243; header_font=&#8221;||||||||&#8221; header_text_color=&#8221;#ffffff&#8221; header_font_size=&#8221;14px&#8221; body_font=&#8221;||||||||&#8221; body_text_color=&#8221;#000000&#8243; body_font_size=&#8221;12px&#8221; body_line_height=&#8221;1.3em&#8221; background_color=&#8221;#ecbd1d&#8221; text_orientation=&#8221;center&#8221; custom_padding=&#8221;5px|5px|5px|5px&#8221; animation=&#8221;off&#8221;]<\/p>\n<p>ebook gratuito, com dicas sobre cuidados jur\u00eddicos essenciais para se abrir um neg\u00f3cio.<\/p>\n<p>[\/et_pb_blurb][\/et_pb_column][et_pb_column type=&#8221;1_4&#8243; _builder_version=&#8221;3.6&#8243; background_color=&#8221;#ecbd1d&#8221; parallax=&#8221;off&#8221; parallax_method=&#8221;on&#8221;][et_pb_blurb title=&#8221;Direito de Fam\u00edlia Alimentos 2&#8243; url=&#8221;https:\/\/iem.adv.br\/direito-de-familia-alimentos-2\/&#8221; url_new_window=&#8221;on&#8221; image=&#8221;http:\/\/iem.adv.br\/wp-content\/uploads\/2018\/03\/mockup-familia-2.png&#8221; image_max_width=&#8221;81%&#8221; _builder_version=&#8221;3.9&#8243; header_font=&#8221;||||||||&#8221; header_text_color=&#8221;#ffffff&#8221; header_font_size=&#8221;14px&#8221; body_font=&#8221;||||||||&#8221; body_text_color=&#8221;#000000&#8243; body_font_size=&#8221;12px&#8221; body_line_height=&#8221;1.3em&#8221; background_color=&#8221;#ecbd1d&#8221; text_orientation=&#8221;center&#8221; custom_padding=&#8221;5px|5px|5px|5px&#8221; animation=&#8221;off&#8221;]<\/p>\n<p>ebook gratuito, continua\u00e7\u00e3o do Direito de Fam\u00edlia Alimentos 1.<\/p>\n<p>[\/et_pb_blurb][\/et_pb_column][et_pb_column type=&#8221;1_4&#8243; _builder_version=&#8221;3.6&#8243; background_color=&#8221;#ecbd1d&#8221; parallax=&#8221;off&#8221; parallax_method=&#8221;on&#8221;][et_pb_blurb title=&#8221;Direito de Fam\u00edlia Alimentos 1&#8243; url=&#8221;https:\/\/iem.adv.br\/direito-de-familia-alimentos\/&#8221; image=&#8221;http:\/\/iem.adv.br\/wp-content\/uploads\/2017\/07\/ebook-famila-mock.png&#8221; image_max_width=&#8221;85%&#8221; _builder_version=&#8221;3.9&#8243; header_font=&#8221;||||||||&#8221; header_text_color=&#8221;#ffffff&#8221; header_font_size=&#8221;14px&#8221; body_font=&#8221;||||||||&#8221; body_text_color=&#8221;#000000&#8243; body_font_size=&#8221;12px&#8221; body_line_height=&#8221;1.3em&#8221; background_color=&#8221;#ecbd1d&#8221; text_orientation=&#8221;center&#8221; custom_padding=&#8221;5px|5px|5px|5px&#8221; animation=&#8221;off&#8221;]<\/p>\n<p>ebook gratuito, explicando quais s\u00e3o os direitos quanto a alimenta\u00e7\u00e3o no caso de separa\u00e7\u00e3o familiar.<\/p>\n<p>[\/et_pb_blurb][\/et_pb_column][et_pb_column type=&#8221;1_4&#8243; _builder_version=&#8221;3.6&#8243; background_color=&#8221;#ecbd1d&#8221; parallax=&#8221;off&#8221; parallax_method=&#8221;on&#8221;][et_pb_blurb title=&#8221;Direito dos Tripulantes&#8221; url=&#8221;https:\/\/iem.adv.br\/direito-dos-tripulantes-ebook\/&#8221; image=&#8221;http:\/\/iem.adv.br\/wp-content\/uploads\/2017\/07\/ebook-tripulantes.png&#8221; image_max_width=&#8221;85%&#8221; _builder_version=&#8221;3.9&#8243; header_font=&#8221;||||||||&#8221; header_text_color=&#8221;#ffffff&#8221; header_font_size=&#8221;14px&#8221; body_font=&#8221;||||||||&#8221; body_text_color=&#8221;#000000&#8243; body_font_size=&#8221;12px&#8221; body_line_height=&#8221;1.3em&#8221; background_color=&#8221;#ecbd1d&#8221; text_orientation=&#8221;center&#8221; custom_padding=&#8221;5px|5px|5px|5px&#8221; animation=&#8221;off&#8221;]<\/p>\n<p>ebook gratuito, que explica a \u00e1rea do direito trabalhista, mas focada em tripulantes e suas peculiaridades.<\/p>\n<p>[\/et_pb_blurb][\/et_pb_column][\/et_pb_row][\/et_pb_section][et_pb_section fb_built=&#8221;1&#8243; _builder_version=&#8221;3.6&#8243; custom_padding=&#8221;0|0px|0|0px|false|false&#8221;][et_pb_row use_custom_gutter=&#8221;on&#8221; gutter_width=&#8221;2&#8243; _builder_version=&#8221;3.6&#8243;][et_pb_column type=&#8221;4_4&#8243; _builder_version=&#8221;3.6&#8243; parallax=&#8221;off&#8221; parallax_method=&#8221;on&#8221;][et_pb_text _builder_version=&#8221;3.6&#8243; text_font=&#8221;||||||||&#8221; text_orientation=&#8221;center&#8221;]<\/p>\n<h2>Artigos<\/h2>\n<p>[\/et_pb_text][et_pb_blog fullwidth=&#8221;off&#8221; posts_number=&#8221;3&#8243; show_author=&#8221;off&#8221; show_date=&#8221;off&#8221; show_categories=&#8221;off&#8221; show_pagination=&#8221;off&#8221; masonry_tile_background_color=&#8221;rgba(0,0,0,0)&#8221; _builder_version=&#8221;3.6&#8243; header_font=&#8221;||||||||&#8221; header_text_color=&#8221;#e09900&#8243; body_font=&#8221;||||||||&#8221; body_text_color=&#8221;#000000&#8243; border_width_all=&#8221;0px&#8221; max_width_last_edited=&#8221;on|phone&#8221;][\/et_pb_blog][et_pb_button button_url=&#8221;https:\/\/iem.adv.br\/blog\/&#8221; button_text=&#8221;Ver todos os artigos&#8221; button_alignment=&#8221;right&#8221; _builder_version=&#8221;3.6&#8243;][\/et_pb_button][\/et_pb_column][\/et_pb_row][\/et_pb_section][et_pb_section fb_built=&#8221;1&#8243; make_equal=&#8221;on&#8221; use_custom_gutter=&#8221;on&#8221; gutter_width=&#8221;1&#8243; specialty=&#8221;on&#8221; padding_top_2=&#8221;0px&#8221; padding_right_2=&#8221;0px&#8221; padding_bottom_2=&#8221;0px&#8221; padding_left_2=&#8221;0px&#8221; _builder_version=&#8221;3.6&#8243; background_color=&#8221;#999999&#8243; custom_padding=&#8221;34px|0px|13px|0px|false|false&#8221; global_module=&#8221;1119&#8243; saved_tabs=&#8221;all&#8221;][et_pb_column type=&#8221;1_2&#8243; specialty_columns=&#8221;2&#8243; _builder_version=&#8221;3.0.47&#8243; parallax=&#8221;off&#8221; parallax_method=&#8221;on&#8221;][et_pb_row_inner custom_padding=&#8221;0|0px|31.3906px|0px|false|false&#8221; _builder_version=&#8221;3.6&#8243;][et_pb_column_inner type=&#8221;4_4&#8243; saved_specialty_column_type=&#8221;1_2&#8243; _builder_version=&#8221;3.0.47&#8243; parallax=&#8221;off&#8221; parallax_method=&#8221;on&#8221;][et_pb_text _builder_version=&#8221;3.6&#8243; text_font=&#8221;||||||||&#8221; text_text_color=&#8221;#ffffff&#8221; header_font=&#8221;||||||||&#8221; header_2_font=&#8221;||||||||&#8221; header_2_text_color=&#8221;#ecbd1d&#8221;]<\/p>\n<h2>Onde estamos<\/h2>\n<p>Em Santos: Rua Senador Pinheiro Machado, n 30, CJ. 183, Vila Mathias<br \/>\nSantos &#8211; SP<br \/>\nTelefone (13) 3024.2005<\/p>\n<p>Em S\u00e3o Paulo: Avenida Paulista, n 807, CJ 2315, Jardins<br \/>\nS\u00e3o Paulo &#8211; SP<br \/>\nTelefone (11) 4063-8112<\/p>\n<p>Em Curitiba: Avenida C\u00e2ndido de Abreu, 381, Centro C\u00edvico<br \/>\nCuritiba &#8211; PR<br \/>\nTelefone (41) 4042-0056<\/p>\n<p>[\/et_pb_text][\/et_pb_column_inner][\/et_pb_row_inner][\/et_pb_column][et_pb_column type=&#8221;1_2&#8243; _builder_version=&#8221;3.0.47&#8243; padding_bottom=&#8221;0px&#8221; padding_left=&#8221;0px&#8221; padding_right=&#8221;0px&#8221; padding_top=&#8221;0px&#8221; parallax=&#8221;off&#8221; parallax_method=&#8221;on&#8221;][et_pb_map zoom_level=&#8221;6&#8243; address_lat=&#8221;-24.119091145114&#8243; address_lng=&#8221;-47.8383659375&#8243; use_grayscale_filter=&#8221;on&#8221; grayscale_filter_amount=&#8221;43&#8243; _builder_version=&#8221;3.6&#8243; child_filter_hue_rotate=&#8221;195deg&#8221;][et_pb_map_pin title=&#8221;Santos-SP&#8221; pin_address=&#8221;Av. Senador Pinheiro Machado, 30 &#8211; 183 &#8211; Vila Matias, Santos &#8211; SP, Brasil&#8221; pin_address_lat=&#8221;-23.9436298&#8243; pin_address_lng=&#8221;-46.3309675&#8243; _builder_version=&#8221;3.6&#8243;]<\/p>\n<p>Rua Senador Pinheiro Machado, n 30, CJ. 183, Vila Mathias<\/p>\n<p>Tel. (13) 3024.2005<\/p>\n<p>[\/et_pb_map_pin][et_pb_map_pin title=&#8221;S\u00e3o Paulo-SP&#8221; pin_address=&#8221;Av. Paulista, 807 &#8211; 2315 &#8211; Bela Vista, S\u00e3o Paulo &#8211; SP, 01311-100, Brasil&#8221; pin_address_lat=&#8221;-23.5666485&#8243; pin_address_lng=&#8221;-46.6509842&#8243; _builder_version=&#8221;3.6&#8243;]<\/p>\n<p>Avenida Paulista, n 807, CJ 2315, Jardins<br \/>\nTel. (11) 4063-8112<\/p>\n<p>[\/et_pb_map_pin][et_pb_map_pin title=&#8221;Curitiba-PR&#8221; pin_address=&#8221;Av. C\u00e2ndido de Abreu, 381 &#8211; Centro C\u00edvico, Curitiba &#8211; PR, Brasil&#8221; pin_address_lat=&#8221;-25.4204585&#8243; pin_address_lng=&#8221;-49.2696883&#8243; _builder_version=&#8221;3.6&#8243;]<\/p>\n<p>Avenida C\u00e2ndido de Abreu, 381, Centro C\u00edvico<br \/>\nTel. (41) 4042-0056<\/p>\n<p>[\/et_pb_map_pin][\/et_pb_map][\/et_pb_column][\/et_pb_section]<\/p>\n","protected":false},"excerpt":{"rendered":"<p>[et_pb_section fb_built=&#8221;1&#8243; fullwidth=&#8221;on&#8221; _builder_version=&#8221;3.6&#8243;][et_pb_fullwidth_slider _builder_version=&#8221;3.6&#8243; custom_button=&#8221;on&#8221; button_text_color=&#8221;#000000&#8243; button_bg_color=&#8221;#ecbd1d&#8221; button_border_width=&#8221;0px&#8221; button_border_radius=&#8221;0px&#8221; button_font=&#8221;||||||||&#8221; button_use_icon=&#8221;off&#8221; button_bg_color_hover=&#8221;#edca5a&#8221; auto=&#8221;on&#8221; auto_speed=&#8221;6000&#8243; auto_ignore_hover=&#8221;on&#8221;][et_pb_slide heading=&#8221;Quebramos as barreiras entre voc\u00ea e seus direitos&#8221; button_text=&#8221;Saiba mais aqui&#8221; button_link=&#8221;https:\/\/iem.adv.br\/o-escritorio\/&#8221; use_bg_overlay=&#8221;on&#8221; bg_overlay_color=&#8221;rgba(18,36,51,0.77)&#8221; _builder_version=&#8221;3.6&#8243; background_image=&#8221;http:\/\/iem.adv.br\/wp-content\/uploads\/2018\/06\/ss-break-through-wall.jpg&#8221; parallax=&#8221;on&#8221; parallax_method=&#8221;off&#8221;] Nosso escrit\u00f3rio trabalha com profissionais experientes e focados em resolver problemas. [\/et_pb_slide][et_pb_slide heading=&#8221;Processos Trabalhistas ou Burocracia?&#8221; button_text=&#8221;Saiba mais aqui&#8221; button_link=&#8221;https:\/\/iem.adv.br\/negocios\/&#8221; use_bg_overlay=&#8221;on&#8221; [&hellip;]<\/p>\n","protected":false},"author":1,"featured_media":0,"parent":0,"menu_order":0,"comment_status":"closed","ping_status":"closed","template":"","meta":{"footnotes":""},"_links":{"self":[{"href":"https:\/\/iem.adv.br\/home\/wp-json\/wp\/v2\/pages\/8"}],"collection":[{"href":"https:\/\/iem.adv.br\/home\/wp-json\/wp\/v2\/pages"}],"about":[{"href":"https:\/\/iem.adv.br\/home\/wp-json\/wp\/v2\/types\/page"}],"author":[{"embeddable":true,"href":"https:\/\/iem.adv.br\/home\/wp-json\/wp\/v2\/users\/1"}],"replies":[{"embeddable":true,"href":"https:\/\/iem.adv.br\/home\/wp-json\/wp\/v2\/comments?post=8"}],"version-history":[{"count":37,"href":"https:\/\/iem.adv.br\/home\/wp-json\/wp\/v2\/pages\/8\/revisions"}],"predecessor-version":[{"id":1437,"href":"https:\/\/iem.adv.br\/home\/wp-json\/wp\/v2\/pages\/8\/revisions\/1437"}],"wp:attachment":[{"href":"https:\/\/iem.adv.br\/home\/wp-json\/wp\/v2\/media?parent=8"}],"curies":[{"name":"wp","href":"https:\/\/api.w.org\/{rel}","templated":true}]}}