{"id":327,"date":"2017-09-11T23:05:53","date_gmt":"2017-09-12T02:05:53","guid":{"rendered":"https:\/\/iem.adv.br\/?page_id=327"},"modified":"2019-05-21T11:01:56","modified_gmt":"2019-05-21T14:01:56","slug":"negocios","status":"publish","type":"page","link":"https:\/\/iem.adv.br\/home\/negocios\/","title":{"rendered":"IEM para neg\u00f3cios &#8211; IEM2B"},"content":{"rendered":"<p><\/p>\n\n<p>[et_pb_section fb_built=&#8221;1&#8243; background_color=&#8221;#000000&#8243; parallax=&#8221;on&#8221; _builder_version=&#8221;3.6&#8243; background_image=&#8221;http:\/\/iem.adv.br\/wp-content\/uploads\/2018\/02\/bg-titulo-1.jpg&#8221; custom_padding=&#8221;0|0px|0|0px|false|false&#8221;][et_pb_row _builder_version=&#8221;3.6&#8243; custom_padding=&#8221;27px|0px|50px|0px|false|false&#8221;][et_pb_column type=&#8221;1_2&#8243; _builder_version=&#8221;3.6&#8243; parallax=&#8221;off&#8221; parallax_method=&#8221;on&#8221;][et_pb_image src=&#8221;http:\/\/iem.adv.br\/wp-content\/uploads\/2017\/09\/logo-iem2b.png&#8221; _builder_version=&#8221;3.6&#8243;][\/et_pb_image][et_pb_text text_text_shadow_style=&#8221;preset3&#8243; background_layout=&#8221;dark&#8221; _builder_version=&#8221;3.6&#8243; text_font=&#8221;||||||||&#8221;]<\/p>\n<h1>Sua empresa faz parte de voc\u00ea!<\/h1>\n<h3>N\u00e3o a deixe quebrar pela escolha do &#8220;jeitinho brasileiro&#8221; de quebrar a burocracia.<\/h3>\n<p>Conte com a IEM2B para administrar seus contratos, processos burocr\u00e1ticos e barrar as brechas que podem destruir o seu neg\u00f3cio.<\/p>\n<p>[\/et_pb_text][et_pb_button custom_button=&#8221;on&#8221; button_text_color=&#8221;#ffffff&#8221; button_bg_color=&#8221;#ecbd1d&#8221; button_border_width=&#8221;0px&#8221; button_border_radius=&#8221;0px&#8221; button_text=&#8221;Fale com nossa equipe&#8221; _builder_version=&#8221;3.6&#8243; button_font=&#8221;||||||||&#8221; button_url=&#8221;https:\/\/iem.adv.br\/contato\/&#8221;][\/et_pb_button][\/et_pb_column][et_pb_column type=&#8221;1_2&#8243; _builder_version=&#8221;3.6&#8243; parallax=&#8221;off&#8221; parallax_method=&#8221;on&#8221;][\/et_pb_column][\/et_pb_row][\/et_pb_section]<\/p>\n\n\n<p><\/p>\n<p><\/p>\n\n<p>[et_pb_section fb_built=&#8221;1&#8243; _builder_version=&#8221;3.6&#8243; custom_padding=&#8221;0|0px|54px|0px|false|false&#8221;][et_pb_row _builder_version=&#8221;3.6&#8243;][et_pb_column type=&#8221;4_4&#8243; _builder_version=&#8221;3.6&#8243; parallax=&#8221;off&#8221; parallax_method=&#8221;on&#8221;][et_pb_text _builder_version=&#8221;3.6&#8243;]<\/p>\n<p>A IEM2B \u00e9 a \u00e1rea estrat\u00e9gica focada em direito empresarial da IeM Sociedade de Advogados.<\/p>\n<p>Aqui atendemos empresas dos mais variados portes, com extremo sigilo, onde defendemos seus direitos e atuamos com foco na preven\u00e7\u00e3o.<\/p>\n<p>Grande parte dos problemas empresariais poderiam ser resolvidos com a preven\u00e7\u00e3o vinda de um escrit\u00f3rio jur\u00eddico especializado.<\/p>\n<p>Por esse motivo, atuamos com Assessoria Jur\u00eddica Empresarial nas seguintes \u00e1reas:<\/p>\n<p>[\/et_pb_text][\/et_pb_column][\/et_pb_row][et_pb_row _builder_version=&#8221;3.6&#8243; custom_padding=&#8221;27px|0px|0|0px|false|false&#8221;][et_pb_column type=&#8221;1_3&#8243; _builder_version=&#8221;3.6&#8243; parallax=&#8221;off&#8221; parallax_method=&#8221;on&#8221;][et_pb_blurb use_icon=&#8221;on&#8221; icon_placement=&#8221;left&#8221; title=&#8221;Administrativo&#8221; _builder_version=&#8221;3.6&#8243; font_icon=&#8221;%%72%%&#8221;]<\/p>\n<ul>\n<li>Firmar contratos<\/li>\n<li>Pareceres<\/li>\n<li>Licita\u00e7\u00f5es<\/li>\n<li>Mao de obra terceirizada<\/li>\n<\/ul>\n<p>[\/et_pb_blurb][\/et_pb_column][et_pb_column type=&#8221;1_3&#8243; _builder_version=&#8221;3.6&#8243; parallax=&#8221;off&#8221; parallax_method=&#8221;on&#8221;][et_pb_blurb use_icon=&#8221;on&#8221; icon_placement=&#8221;left&#8221; title=&#8221;Comercial&#8221; _builder_version=&#8221;3.6&#8243; font_icon=&#8221;%%114%%&#8221;]<\/p>\n<ul>\n<li>Recupera\u00e7\u00e3o de passivo<\/li>\n<li>Normas do consumidor<\/li>\n<li>Inadimpl\u00eancia<\/li>\n<li>An\u00e1lise de processos<\/li>\n<\/ul>\n<p>[\/et_pb_blurb][\/et_pb_column][et_pb_column type=&#8221;1_3&#8243; _builder_version=&#8221;3.6&#8243; parallax=&#8221;off&#8221; parallax_method=&#8221;on&#8221;][et_pb_blurb use_icon=&#8221;on&#8221; icon_placement=&#8221;left&#8221; title=&#8221;Trabalhista&#8221; _builder_version=&#8221;3.6&#8243; font_icon=&#8221;%%149%%&#8221;]<\/p>\n<ul>\n<li>A\u00e7\u00f5es trabalhista<\/li>\n<li>An\u00e1lise das leis<\/li>\n<li>Reforma trabalhista<\/li>\n<li>Tributos<\/li>\n<li>Consultoria preventiva<\/li>\n<li>Contratos<\/li>\n<li>Processos existentes<\/li>\n<\/ul>\n<p>[\/et_pb_blurb][\/et_pb_column][\/et_pb_row][et_pb_row _builder_version=&#8221;3.6&#8243; custom_padding=&#8221;27px|0px|0|0px|false|false&#8221;][et_pb_column type=&#8221;1_3&#8243; _builder_version=&#8221;3.6&#8243; parallax=&#8221;off&#8221; parallax_method=&#8221;on&#8221;][et_pb_blurb use_icon=&#8221;on&#8221; icon_placement=&#8221;left&#8221; title=&#8221;Societ\u00e1rio&#8221; _builder_version=&#8221;3.6&#8243; font_icon=&#8221;%%259%%&#8221;]<\/p>\n<ul>\n<li>Fus\u00e3o<\/li>\n<li>Troca de s\u00f3cios<\/li>\n<li>Falecimento de s\u00f3cio<\/li>\n<li>Crise financeira<\/li>\n<li>Patrim\u00f4nio<\/li>\n<li>An\u00e1lise de contrato social<\/li>\n<li>Contratos<\/li>\n<\/ul>\n<p>[\/et_pb_blurb][\/et_pb_column][et_pb_column type=&#8221;1_3&#8243; _builder_version=&#8221;3.6&#8243; parallax=&#8221;off&#8221; parallax_method=&#8221;on&#8221;][et_pb_blurb use_icon=&#8221;on&#8221; icon_placement=&#8221;left&#8221; title=&#8221;Tribut\u00e1rio&#8221; _builder_version=&#8221;3.6&#8243; font_icon=&#8221;%%163%%&#8221;]<\/p>\n<ul>\n<li>Analise de tributos<\/li>\n<li>Planejamento tribut\u00e1rio<\/li>\n<li>Planejamento preventivo<\/li>\n<li>Recupera\u00e7\u00e3o de recolhimentos<\/li>\n<li>Defesa administrativa e judicial<\/li>\n<\/ul>\n<p>[\/et_pb_blurb][\/et_pb_column][et_pb_column type=&#8221;1_3&#8243; _builder_version=&#8221;3.6&#8243; parallax=&#8221;off&#8221; parallax_method=&#8221;on&#8221;][et_pb_blurb use_icon=&#8221;on&#8221; icon_placement=&#8221;left&#8221; title=&#8221;Contencioso&#8221; _builder_version=&#8221;3.6&#8243; font_icon=&#8221;%%86%%&#8221;]<\/p>\n<ul>\n<li>Controle de a\u00e7\u00f5es existentes<\/li>\n<li>Defesa judicial<\/li>\n<\/ul>\n<p>[\/et_pb_blurb][et_pb_button custom_button=&#8221;on&#8221; button_text_color=&#8221;#ffffff&#8221; button_bg_color=&#8221;#ecbd1d&#8221; button_border_width=&#8221;0px&#8221; button_border_radius=&#8221;0px&#8221; button_text=&#8221;Fale com nossa equipe&#8221; _builder_version=&#8221;3.6&#8243; button_font=&#8221;||||||||&#8221; button_url=&#8221;https:\/\/iem.adv.br\/contato\/&#8221;][\/et_pb_button][\/et_pb_column][\/et_pb_row][\/et_pb_section]<\/p>\n\n\n<p><\/p>\n<p><\/p>\n\n<p>[et_pb_section fb_built=&#8221;1&#8243; make_equal=&#8221;on&#8221; use_custom_gutter=&#8221;on&#8221; gutter_width=&#8221;1&#8243; specialty=&#8221;on&#8221; padding_top_2=&#8221;0px&#8221; padding_right_2=&#8221;0px&#8221; padding_bottom_2=&#8221;0px&#8221; padding_left_2=&#8221;0px&#8221; _builder_version=&#8221;3.6&#8243; background_color=&#8221;#999999&#8243; custom_padding=&#8221;34px|0px|13px|0px|false|false&#8221; saved_tabs=&#8221;all&#8221; global_module=&#8221;1119&#8243;][et_pb_column type=&#8221;1_2&#8243; specialty_columns=&#8221;2&#8243; _builder_version=&#8221;3.0.47&#8243; parallax=&#8221;off&#8221; parallax_method=&#8221;on&#8221;][et_pb_row_inner custom_padding=&#8221;0|0px|31.3906px|0px|false|false&#8221; _builder_version=&#8221;3.6&#8243;][et_pb_column_inner type=&#8221;4_4&#8243; saved_specialty_column_type=&#8221;1_2&#8243; _builder_version=&#8221;3.0.47&#8243; parallax=&#8221;off&#8221; parallax_method=&#8221;on&#8221;][et_pb_text _builder_version=&#8221;3.6&#8243; text_font=&#8221;||||||||&#8221; text_text_color=&#8221;#ffffff&#8221; header_font=&#8221;||||||||&#8221; header_2_font=&#8221;||||||||&#8221; header_2_text_color=&#8221;#ecbd1d&#8221;]<\/p>\n<h2>Onde estamos<\/h2>\n<p>Em Santos: Rua Senador Pinheiro Machado, n 30, CJ. 183, Vila Mathias<br \/>Santos &#8211; SP<br \/>Telefone (13) 3221.5700<\/p>\n<p>Em S\u00e3o Paulo: Avenida Paulista, n 807, CJ 2315, Jardins<br \/>S\u00e3o Paulo &#8211; SP<br \/>Telefone (11) 3280.2200<\/p>\n<p>Em Curitiba: Avenida C\u00e2ndido de Abreu, 381, Centro C\u00edvico<br \/>Curitiba &#8211; PR<br \/>Telefone (41) 4042-0056<\/p>\n<p>[\/et_pb_text][\/et_pb_column_inner][\/et_pb_row_inner][\/et_pb_column][et_pb_column type=&#8221;1_2&#8243; _builder_version=&#8221;3.0.47&#8243; padding_bottom=&#8221;0px&#8221; padding_left=&#8221;0px&#8221; padding_right=&#8221;0px&#8221; padding_top=&#8221;0px&#8221; parallax=&#8221;off&#8221; parallax_method=&#8221;on&#8221;][et_pb_map zoom_level=&#8221;6&#8243; address_lat=&#8221;-24.119091145114&#8243; address_lng=&#8221;-47.8383659375&#8243; use_grayscale_filter=&#8221;on&#8221; grayscale_filter_amount=&#8221;43&#8243; _builder_version=&#8221;3.6&#8243; child_filter_hue_rotate=&#8221;195deg&#8221;][et_pb_map_pin title=&#8221;Santos-SP&#8221; pin_address=&#8221;Av. Senador Pinheiro Machado, 30 &#8211; 183 &#8211; Vila Matias, Santos &#8211; SP, Brasil&#8221; pin_address_lat=&#8221;-23.9436298&#8243; pin_address_lng=&#8221;-46.3309675&#8243; _builder_version=&#8221;3.6&#8243;]<\/p>\n<p>Rua Senador Pinheiro Machado, n 30, CJ. 183, Vila Mathias<\/p>\n<p>Tel. (13) 3221.5700<\/p>\n<p>[\/et_pb_map_pin][et_pb_map_pin title=&#8221;S\u00e3o Paulo-SP&#8221; pin_address=&#8221;Av. Paulista, 807 &#8211; 2315 &#8211; Bela Vista, S\u00e3o Paulo &#8211; SP, 01311-100, Brasil&#8221; pin_address_lat=&#8221;-23.5666485&#8243; pin_address_lng=&#8221;-46.6509842&#8243; _builder_version=&#8221;3.6&#8243;]<\/p>\n<p>Avenida Paulista, n 807, CJ 2315, Jardins<br \/>Tel. (11)\u00a0\u00a03280.2200<\/p>\n<p>[\/et_pb_map_pin][et_pb_map_pin title=&#8221;Curitiba-PR&#8221; pin_address=&#8221;Av. C\u00e2ndido de Abreu, 381 &#8211; Centro C\u00edvico, Curitiba &#8211; PR, Brasil&#8221; pin_address_lat=&#8221;-25.4204585&#8243; pin_address_lng=&#8221;-49.2696883&#8243; _builder_version=&#8221;3.6&#8243;]<\/p>\n<p>Avenida C\u00e2ndido de Abreu, 381, Centro C\u00edvico<br \/>Tel. (41) 4042-0056<\/p>\n<p>[\/et_pb_map_pin][\/et_pb_map][\/et_pb_column][\/et_pb_section]<\/p>\n\n\n<p><\/p>","protected":false},"excerpt":{"rendered":"","protected":false},"author":1,"featured_media":0,"parent":0,"menu_order":0,"comment_status":"closed","ping_status":"closed","template":"","meta":{"footnotes":""},"_links":{"self":[{"href":"https:\/\/iem.adv.br\/home\/wp-json\/wp\/v2\/pages\/327"}],"collection":[{"href":"https:\/\/iem.adv.br\/home\/wp-json\/wp\/v2\/pages"}],"about":[{"href":"https:\/\/iem.adv.br\/home\/wp-json\/wp\/v2\/types\/page"}],"author":[{"embeddable":true,"href":"https:\/\/iem.adv.br\/home\/wp-json\/wp\/v2\/users\/1"}],"replies":[{"embeddable":true,"href":"https:\/\/iem.adv.br\/home\/wp-json\/wp\/v2\/comments?post=327"}],"version-history":[{"count":10,"href":"https:\/\/iem.adv.br\/home\/wp-json\/wp\/v2\/pages\/327\/revisions"}],"predecessor-version":[{"id":1416,"href":"https:\/\/iem.adv.br\/home\/wp-json\/wp\/v2\/pages\/327\/revisions\/1416"}],"wp:attachment":[{"href":"https:\/\/iem.adv.br\/home\/wp-json\/wp\/v2\/media?parent=327"}],"curies":[{"name":"wp","href":"https:\/\/api.w.org\/{rel}","templated":true}]}}

IEM para negócios &#8211; IEM2B

<p></p>

<p>[et_pb_section fb_built=&#8221;1&#8243; background_color=&#8221;#000000&#8243; parallax=&#8221;on&#8221; _builder_version=&#8221;3.6&#8243; background_image=&#8221;http://iem.adv.br/wp-content/uploads/2018/02/bg-titulo-1.jpg&#8221; custom_padding=&#8221;0|0px|0|0px|false|false&#8221;][et_pb_row _builder_version=&#8221;3.6&#8243; custom_padding=&#8221;27px|0px|50px|0px|false|false&#8221;][et_pb_column type=&#8221;1_2&#8243; _builder_version=&#8221;3.6&#8243; parallax=&#8221;off&#8221; parallax_method=&#8221;on&#8221;][et_pb_image src=&#8221;http://iem.adv.br/wp-content/uploads/2017/09/logo-iem2b.png&#8221; _builder_version=&#8221;3.6&#8243;][/et_pb_image][et_pb_text text_text_shadow_style=&#8221;preset3&#8243; background_layout=&#8221;dark&#8221; _builder_version=&#8221;3.6&#8243; text_font=&#8221;||||||||&#8221;]</p>
<h1>Sua empresa faz parte de você!</h1>
<h3>Não a deixe quebrar pela escolha do &#8220;jeitinho brasileiro&#8221; de quebrar a burocracia.</h3>
<p>Conte com a IEM2B para administrar seus contratos, processos burocráticos e barrar as brechas que podem destruir o seu negócio.</p>
<p>[/et_pb_text][et_pb_button custom_button=&#8221;on&#8221; button_text_color=&#8221;#ffffff&#8221; button_bg_color=&#8221;#ecbd1d&#8221; button_border_width=&#8221;0px&#8221; button_border_radius=&#8221;0px&#8221; button_text=&#8221;Fale com nossa equipe&#8221; _builder_version=&#8221;3.6&#8243; button_font=&#8221;||||||||&#8221; button_url=&#8221;https://iem.adv.br/contato/&#8221;][/et_pb_button][/et_pb_column][et_pb_column type=&#8221;1_2&#8243; _builder_version=&#8221;3.6&#8243; parallax=&#8221;off&#8221; parallax_method=&#8221;on&#8221;][/et_pb_column][/et_pb_row][/et_pb_section]</p>


<p></p>
<p></p>

<p>[et_pb_section fb_built=&#8221;1&#8243; _builder_version=&#8221;3.6&#8243; custom_padding=&#8221;0|0px|54px|0px|false|false&#8221;][et_pb_row _builder_version=&#8221;3.6&#8243;][et_pb_column type=&#8221;4_4&#8243; _builder_version=&#8221;3.6&#8243; parallax=&#8221;off&#8221; parallax_method=&#8221;on&#8221;][et_pb_text _builder_version=&#8221;3.6&#8243;]</p>
<p>A IEM2B é a área estratégica focada em direito empresarial da IeM Sociedade de Advogados.</p>
<p>Aqui atendemos empresas dos mais variados portes, com extremo sigilo, onde defendemos seus direitos e atuamos com foco na prevenção.</p>
<p>Grande parte dos problemas empresariais poderiam ser resolvidos com a prevenção vinda de um escritório jurídico especializado.</p>
<p>Por esse motivo, atuamos com Assessoria Jurídica Empresarial nas seguintes áreas:</p>
<p>[/et_pb_text][/et_pb_column][/et_pb_row][et_pb_row _builder_version=&#8221;3.6&#8243; custom_padding=&#8221;27px|0px|0|0px|false|false&#8221;][et_pb_column type=&#8221;1_3&#8243; _builder_version=&#8221;3.6&#8243; parallax=&#8221;off&#8221; parallax_method=&#8221;on&#8221;][et_pb_blurb use_icon=&#8221;on&#8221; icon_placement=&#8221;left&#8221; title=&#8221;Administrativo&#8221; _builder_version=&#8221;3.6&#8243; font_icon=&#8221;%%72%%&#8221;]</p>
<ul>
<li>Firmar contratos</li>
<li>Pareceres</li>
<li>Licitações</li>
<li>Mao de obra terceirizada</li>
</ul>
<p>[/et_pb_blurb][/et_pb_column][et_pb_column type=&#8221;1_3&#8243; _builder_version=&#8221;3.6&#8243; parallax=&#8221;off&#8221; parallax_method=&#8221;on&#8221;][et_pb_blurb use_icon=&#8221;on&#8221; icon_placement=&#8221;left&#8221; title=&#8221;Comercial&#8221; _builder_version=&#8221;3.6&#8243; font_icon=&#8221;%%114%%&#8221;]</p>
<ul>
<li>Recuperação de passivo</li>
<li>Normas do consumidor</li>
<li>Inadimplência</li>
<li>Análise de processos</li>
</ul>
<p>[/et_pb_blurb][/et_pb_column][et_pb_column type=&#8221;1_3&#8243; _builder_version=&#8221;3.6&#8243; parallax=&#8221;off&#8221; parallax_method=&#8221;on&#8221;][et_pb_blurb use_icon=&#8221;on&#8221; icon_placement=&#8221;left&#8221; title=&#8221;Trabalhista&#8221; _builder_version=&#8221;3.6&#8243; font_icon=&#8221;%%149%%&#8221;]</p>
<ul>
<li>Ações trabalhista</li>
<li>Análise das leis</li>
<li>Reforma trabalhista</li>
<li>Tributos</li>
<li>Consultoria preventiva</li>
<li>Contratos</li>
<li>Processos existentes</li>
</ul>
<p>[/et_pb_blurb][/et_pb_column][/et_pb_row][et_pb_row _builder_version=&#8221;3.6&#8243; custom_padding=&#8221;27px|0px|0|0px|false|false&#8221;][et_pb_column type=&#8221;1_3&#8243; _builder_version=&#8221;3.6&#8243; parallax=&#8221;off&#8221; parallax_method=&#8221;on&#8221;][et_pb_blurb use_icon=&#8221;on&#8221; icon_placement=&#8221;left&#8221; title=&#8221;Societário&#8221; _builder_version=&#8221;3.6&#8243; font_icon=&#8221;%%259%%&#8221;]</p>
<ul>
<li>Fusão</li>
<li>Troca de sócios</li>
<li>Falecimento de sócio</li>
<li>Crise financeira</li>
<li>Patrimônio</li>
<li>Análise de contrato social</li>
<li>Contratos</li>
</ul>
<p>[/et_pb_blurb][/et_pb_column][et_pb_column type=&#8221;1_3&#8243; _builder_version=&#8221;3.6&#8243; parallax=&#8221;off&#8221; parallax_method=&#8221;on&#8221;][et_pb_blurb use_icon=&#8221;on&#8221; icon_placement=&#8221;left&#8221; title=&#8221;Tributário&#8221; _builder_version=&#8221;3.6&#8243; font_icon=&#8221;%%163%%&#8221;]</p>
<ul>
<li>Analise de tributos</li>
<li>Planejamento tributário</li>
<li>Planejamento preventivo</li>
<li>Recuperação de recolhimentos</li>
<li>Defesa administrativa e judicial</li>
</ul>
<p>[/et_pb_blurb][/et_pb_column][et_pb_column type=&#8221;1_3&#8243; _builder_version=&#8221;3.6&#8243; parallax=&#8221;off&#8221; parallax_method=&#8221;on&#8221;][et_pb_blurb use_icon=&#8221;on&#8221; icon_placement=&#8221;left&#8221; title=&#8221;Contencioso&#8221; _builder_version=&#8221;3.6&#8243; font_icon=&#8221;%%86%%&#8221;]</p>
<ul>
<li>Controle de ações existentes</li>
<li>Defesa judicial</li>
</ul>
<p>[/et_pb_blurb][et_pb_button custom_button=&#8221;on&#8221; button_text_color=&#8221;#ffffff&#8221; button_bg_color=&#8221;#ecbd1d&#8221; button_border_width=&#8221;0px&#8221; button_border_radius=&#8221;0px&#8221; button_text=&#8221;Fale com nossa equipe&#8221; _builder_version=&#8221;3.6&#8243; button_font=&#8221;||||||||&#8221; button_url=&#8221;https://iem.adv.br/contato/&#8221;][/et_pb_button][/et_pb_column][/et_pb_row][/et_pb_section]</p>


<p></p>
<p></p>

<p>[et_pb_section fb_built=&#8221;1&#8243; make_equal=&#8221;on&#8221; use_custom_gutter=&#8221;on&#8221; gutter_width=&#8221;1&#8243; specialty=&#8221;on&#8221; padding_top_2=&#8221;0px&#8221; padding_right_2=&#8221;0px&#8221; padding_bottom_2=&#8221;0px&#8221; padding_left_2=&#8221;0px&#8221; _builder_version=&#8221;3.6&#8243; background_color=&#8221;#999999&#8243; custom_padding=&#8221;34px|0px|13px|0px|false|false&#8221; saved_tabs=&#8221;all&#8221; global_module=&#8221;1119&#8243;][et_pb_column type=&#8221;1_2&#8243; specialty_columns=&#8221;2&#8243; _builder_version=&#8221;3.0.47&#8243; parallax=&#8221;off&#8221; parallax_method=&#8221;on&#8221;][et_pb_row_inner custom_padding=&#8221;0|0px|31.3906px|0px|false|false&#8221; _builder_version=&#8221;3.6&#8243;][et_pb_column_inner type=&#8221;4_4&#8243; saved_specialty_column_type=&#8221;1_2&#8243; _builder_version=&#8221;3.0.47&#8243; parallax=&#8221;off&#8221; parallax_method=&#8221;on&#8221;][et_pb_text _builder_version=&#8221;3.6&#8243; text_font=&#8221;||||||||&#8221; text_text_color=&#8221;#ffffff&#8221; header_font=&#8221;||||||||&#8221; header_2_font=&#8221;||||||||&#8221; header_2_text_color=&#8221;#ecbd1d&#8221;]</p>
<h2>Onde estamos</h2>
<p>Em Santos: Rua Senador Pinheiro Machado, n 30, CJ. 183, Vila Mathias<br />Santos &#8211; SP<br />Telefone (13) 3221.5700</p>
<p>Em São Paulo: Avenida Paulista, n 807, CJ 2315, Jardins<br />São Paulo &#8211; SP<br />Telefone (11) 3280.2200</p>
<p>Em Curitiba: Avenida Cândido de Abreu, 381, Centro Cívico<br />Curitiba &#8211; PR<br />Telefone (41) 4042-0056</p>
<p>[/et_pb_text][/et_pb_column_inner][/et_pb_row_inner][/et_pb_column][et_pb_column type=&#8221;1_2&#8243; _builder_version=&#8221;3.0.47&#8243; padding_bottom=&#8221;0px&#8221; padding_left=&#8221;0px&#8221; padding_right=&#8221;0px&#8221; padding_top=&#8221;0px&#8221; parallax=&#8221;off&#8221; parallax_method=&#8221;on&#8221;][et_pb_map zoom_level=&#8221;6&#8243; address_lat=&#8221;-24.119091145114&#8243; address_lng=&#8221;-47.8383659375&#8243; use_grayscale_filter=&#8221;on&#8221; grayscale_filter_amount=&#8221;43&#8243; _builder_version=&#8221;3.6&#8243; child_filter_hue_rotate=&#8221;195deg&#8221;][et_pb_map_pin title=&#8221;Santos-SP&#8221; pin_address=&#8221;Av. Senador Pinheiro Machado, 30 &#8211; 183 &#8211; Vila Matias, Santos &#8211; SP, Brasil&#8221; pin_address_lat=&#8221;-23.9436298&#8243; pin_address_lng=&#8221;-46.3309675&#8243; _builder_version=&#8221;3.6&#8243;]</p>
<p>Rua Senador Pinheiro Machado, n 30, CJ. 183, Vila Mathias</p>
<p>Tel. (13) 3221.5700</p>
<p>[/et_pb_map_pin][et_pb_map_pin title=&#8221;São Paulo-SP&#8221; pin_address=&#8221;Av. Paulista, 807 &#8211; 2315 &#8211; Bela Vista, São Paulo &#8211; SP, 01311-100, Brasil&#8221; pin_address_lat=&#8221;-23.5666485&#8243; pin_address_lng=&#8221;-46.6509842&#8243; _builder_version=&#8221;3.6&#8243;]</p>
<p>Avenida Paulista, n 807, CJ 2315, Jardins<br />Tel. (11)  3280.2200</p>
<p>[/et_pb_map_pin][et_pb_map_pin title=&#8221;Curitiba-PR&#8221; pin_address=&#8221;Av. Cândido de Abreu, 381 &#8211; Centro Cívico, Curitiba &#8211; PR, Brasil&#8221; pin_address_lat=&#8221;-25.4204585&#8243; pin_address_lng=&#8221;-49.2696883&#8243; _builder_version=&#8221;3.6&#8243;]</p>
<p>Avenida Cândido de Abreu, 381, Centro Cívico<br />Tel. (41) 4042-0056</p>
<p>[/et_pb_map_pin][/et_pb_map][/et_pb_column][/et_pb_section]</p>


<p></p>
